+ 3*u + 39 = 0, -3*u = 2*u + a. What are the prime factors of q?
2, 3
Let y be 4/26 + (-24)/(-13). Suppose y*p = o + 9, 4*p + 5*o - 20 = p. What are the prime factors of p?
5
Suppose w - 3 = 3. Let h be w - ((2 - 2) + 1). Suppose -y = -10 - h. What are the prime factors of y?
3, 5
Suppose n + 2 + 1 = 0. Let r be (-1)/((-2)/n)*-16. Suppose r = h + h. What are the prime factors of h?
2, 3
Suppose 3*d + 0*d = 0. Suppose d = -0*x - 3*x - 63. Let i = -9 - x. List the prime factors of i.
2, 3
Let p = 79 + -42. List the prime factors of p.
37
Let w = 283 - 177. What are the prime factors of w?
2, 53
List the prime factors of -102*(1 - 9/6).
3, 17
Suppose 21 - 1 = 5*l. Let s(d) = -3*d - 9. Let n be s(-4). Suppose v = 4*v - l*m - 13, -2*m = -n*v + 11. What are the prime factors of v?
3
Let o(d) = 3*d + 13. Let b(w) = -32*w - 144. Let l(p) = -5*b(p) - 56*o(p). What are the prime factors of l(-7)?
2, 3
Let t(z) be the third derivative of -z**6/120 - z**5/60 - z**4/12 - z**3/6 + 3*z**2. What are the prime factors of t(-2)?
7
Suppose -n = -3*z - 288, 8*z - 850 = -3*n + 3*z. List the prime factors of n.
3, 5, 19
Let u(g) = g**2 + 4*g + 101. What are the prime factors of u(0)?
101
Let i = 4 + 0. Suppose 5*q + 22 = 2*m, 29 = m + q + i. Let a = m - 9. List the prime factors of a.
2, 3
Suppose 3*w + 177 = -k + 3*k, -k - 2*w + 78 = 0. Suppose -4*z - k = -10*z. List the prime factors of z.
2, 7
Let z = -9 - -17. Suppose h = -2 - z. What are the prime factors of h/(-1) - 0/(-4)?
2, 5
Let q(x) = -5*x - 1. Let r be q(-1). Suppose r*u + 72 = 7*u. What are the prime factors of u?
2, 3
What are the prime factors of 1 + -2 - (-570)/2?
2, 71
Let n be 13 - (3 + 3/(-1)). Let m = -6 + n. Suppose 3*w = -1 + m. List the prime factors of w.
2
Let q(t) = t**2 + 5*t. Let r be q(-7). What are the prime factors of r/(-3)*(-9)/6?
7
Suppose 0 = 3*l - 7*l + 64. Let j = 3 + l. List the prime factors of j.
19
Let t(w) = -w**2 + 2. List the prime factors of t(0).
2
Let d(k) be the third derivative of -k**6/120 + k**5/20 + k**4/24 - 12*k**2. Let j be (3/2)/(2/4). What are the prime factors of d(j)?
3
Let z be (53 + -2)/(12/(-8)). Let y be 4/12 - z/6. Let t(n) = n + 2. List the prime factors of t(y).
2
Let j = -39 - -66. What are the prime factors of j?
3
Suppose -3*c + 83 = -28. List the prime factors of c.
37
Let i be -1 - (-7 - (1 - 1)). Let b(c) = 5*c + 0*c - i*c. What are the prime factors of b(-6)?
2, 3
Let j(h) = -6*h + 15. What are the prime factors of j(-19)?
3, 43
Let j(u) = u**3 - 5*u**2 + 5*u + 2. List the prime factors of j(6).
2, 17
Suppose -h + 53 = -2*x + 17, -2*x = -2*h + 70. List the prime factors of h.
2, 17
Let b = -96 + 144. Let o = b + -33. List the prime factors of o.
3, 5
List the prime factors of 3/(-9) - 37/(-3).
2, 3
What are the prime factors of 3/(-15) - 2742/(-10)?
2, 137
Suppose -4*m + 42 + 34 = 0. Let h = 33 - m. List the prime factors of h.
2, 7
Suppose 5*n = 11 + 9. Suppose -4*g + 16 = -3*x, -x + 16 = x + 4*g. Let t = n - x. List the prime factors of t.
2
List the prime factors of 1/(-7)*-362 + 96/336.
2, 13
Suppose 3*f + 36 = -3*s, -5*s + 5*f = -s + 3. Let i(j) = j**3 + 8*j**2 + 7*j + 8. List the prime factors of i(s).
2
Let t = 112 + -32. What are the prime factors of t?
2, 5
Suppose 124 = 7*u - 3*u. List the prime factors of u.
31
Let o = -4 + 8. Suppose o*c = -5*j + 51, -2*c - j + 9 = -12. List the prime factors of c.
3
Let r(p) = 11*p + 1. Let c be r(1). Let m be 26/c*3*4. Let q = m - 13. List the prime factors of q.
13
Suppose 3*i = -1 - 11. Let t be (-11)/(-1 + (-2)/i). List the prime factors of 282/t + 10/55.
13
Let y(o) be the third derivative of o**6/120 + o**5/6 - 13*o**4/24 - 5*o**3/6 - 2*o**2. What are the prime factors of y(-11)?
17
List the prime factors of (-7)/(-56) - 1998/(-16).
5
Suppose 4*j - 2*k = j + 1, 0 = -2*j - 4*k + 6. Let w(h) = 3*h**2 - h - 3*h**2 + 9*h**2. List the prime factors of w(j).
2
Let i(l) = l**2 + 9*l + 12. Let k be i(-8). Let u(p) = p**2 + 2*p - 2. What are the prime factors of u(k)?
2, 11
Let v(n) = n. Let m be v(5). Suppose -3*j = m*l - 32, 4*j = -3*l + j + 24. Suppose -2*g + 10 = d - 9, -l*g - d = -41. What are the prime factors of g?
11
Let n = 11 - 7. Let b = n - -1. Suppose -b*p = 3*c - 26, -5*p - 4 = 4*c - 32. What are the prime factors of c?
2
Suppose y - 101 = -2*t, 8*t + 4*y - 245 = 3*t. Suppose -3*a + t = 5. Suppose -2*n - n - 34 = -5*h, -a = -h - 4*n. List the prime factors of h.
2
Suppose 132 = z - 44. Suppose z = 5*p - c - 73, -102 = -2*p - 2*c. What are the prime factors of p?
2, 5
Let h = 11 + -8. Suppose 5 = 5*c + v - 0, c - h*v = 17. Suppose 2 + 20 = c*a. List the prime factors of a.
11
Suppose -49 = -2*i + 19. What are the prime factors of i?
2, 17
Let o(g) = -g**3 + 12*g**2 - 5*g - 8. List the prime factors of o(11).
2, 29
Let r(o) = o**3 + 13*o**2 + 10*o + 1. Let b be r(-12). Suppose 73 = 4*g - 3*v, 0 = -2*v - 3*v + b. List the prime factors of g.
2, 11
Suppose -15*z = -7*z - 1280. List the prime factors of z.
2, 5
Let c = -10 - -18. Suppose -4*i = -h + c, 2*h + h = -5*i + 109. What are the prime factors of h/6*54/21?
2, 3
Let q(o) = -2*o - 13. Let v be q(-9). Suppose -t = -v*t + 68. What are the prime factors of t?
17
Let n(u) = -u**2 - 4*u - 1. Let x be n(-4). What are the prime factors of (x + 11/5)*10?
2, 3
Suppose -2*o + 902 = -4*r, -2*r = 5*o - 2666 + 447. What are the prime factors of o?
5, 89
Let x = 3 + 1. Suppose -4*d + x*a = -40, a = 5*d - a - 50. Let i = 18 - d. What are the prime factors of i?
2
Suppose -4*w - 11 = 1. Let o be 4/(1 - w/(-6)). Let q(d) = -d**2 + 8*d + 9. What are the prime factors of q(o)?
3
Suppose 0 = -4*h + 279 + 41. Suppose q - 17 = f, -5*q + h = -f - 3*f. What are the prime factors of q?
2, 3
Suppose 2*y = y + 33. List the prime factors of y.
3, 11
Suppose 18 = l - 4*l. Let x be (-5)/(-10) + l/4. What are the prime factors of -1 + (-2 - -15) - x?
13
List the prime factors of (-82)/(-4) - (-3)/(-6).
2, 5
Suppose 4*z + 0*z - 23 = d, 2*z - d = 13. What are the prime factors of z - (-2 + 1)*1?
2, 3
Let c = -79 + 132. List the prime factors of c.
53
Let v(q) be the first derivative of -q + 3 - 5/2*q**2. What are the prime factors of v(-2)?
3
What are the prime factors of 98/28 - (-3)/2?
5
Let v(i) = -2*i**3 - i - i**2 + 2*i + i**3. Let d(b) = 4*b**3 + 11*b**2 + 4*b - 4. Let u(m) = -d(m) - 3*v(m). What are the prime factors of u(-7)?
2
Let v(d) = 10*d + 4. Let p be v(-5). Let f = -9 - p. Let n = f - 25. List the prime factors of n.
2, 3
Let s(t) = t**3 - 2*t**2 + 1. Let w be s(2). Let p(a) = -a + 1 - w. List the prime factors of p(-2).
2
Suppose -5*k + 9 + 1 = 0. Let i = k - -3. List the prime factors of i.
5
Suppose 2*l - 50 = -0*l. Let o = 36 - l. List the prime factors of o.
11
Let z(i) = i**3 - 10*i**2 - i. Let c(x) = 2*x**3 - 11*x**2 - x + 1. Let g(s) = -2*c(s) + 3*z(s). List the prime factors of g(-8).
2, 3
Let v(y) = -y**2 + y + 2. Let i be v(3). List the prime factors of (-50)/i - 2/(-4).
13
Let n = -48 + 41. Let y = -4 + -17. List the prime factors of 2/n - 258/y.
2, 3
Let v(c) = -c**3 + 9*c**2 + 23*c. List the prime factors of v(11).
11
Suppose 0 = -2*c + 1 + 7, -2*a - 5*c = -152. List the prime factors of a.
2, 3, 11
Let k be 6/(-3*1/(-8)). Suppose -2*w + k = 2*u, 5*w - 4*u = 2 + 2. What are the prime factors of w?
2
Let u(n) = -5 + 3*n**2 + 4 + 1 - 3*n + 2. What are the prime factors of u(2)?
2
Suppose 556 = 4*h - b, -2*b = -3*b. What are the prime factors of h?
139
Suppose -4*c - 5*h = -76, -3*h - 3 = 9. What are the prime factors of c?
2, 3
Suppose 5*y - 4 = 3*y. Suppose -y*k + 105 = 3*k. What are the prime factors of k?
3, 7
Suppose -d + 2 = -2*a + 7, 4*d = -2*a. Let i(n) = 16*n**2 - 4*n + 2. Let t be i(a). Suppose 0 = 5*s + 8 - t. List the prime factors of s.
2, 5
What are the prime factors of (2 + (5 - 8))/(2/(-250))?
5
Let p = -185 - -342. What are the prime factors of p?
157
What are the prime factors of 6/(-4 - (-231)/57)?
2, 3, 19
Suppose 5*m + 3*c = 15, -4*c = -5*m - 2*c - 10. Suppose -5 = -i - 0*i - 2*b, -3*i + b + 29 = m. Let j = i - -3. What are the prime factors of j?
2, 3
Let v be 1/5 - 324/(-30). Let g = v + -5. List the prime factors of g.
2, 3
What are the prime factors of (-88)/16*(-12 - -2)?
5, 11
Suppose 5*a - 19 = 3*a - 5*t, 0 = 